ative of -1/12*p**4 + 0*p**q + 1/12*p**5 + 0 + 0*p - 7*p**2. Give g(2).
16
Suppose -2 = 5*h - 4 + 7. Let l(k) = -5*k**3 - k. Determine l(h).
6
Let f(y) = -2*y**2 + 21*y + 16. Let j be f(11). Let o(a) = 11 - 12*a - a**2 - 13*a - 7*a + 36*a. Give o(j).
6
Let o(i) be the first derivative of -1/120*i**6 + 15 - 1/2*i**3 - 7*i**2 - 7/60*i**5 - 1/4*i**4 + 0*i. Let g(b) be the second derivative of o(b). Give g(-6).
-3
Suppose 0 = -3*q + 4*l + 50, 5*l - 2*l + 5 = -q. Let r(s) = s**2 + s - 8*s + q*s - 13 + 0*s. What is r(-6)?
5
Let l(h) = h**2 + 12*h - 9. Let x = -9393 + 9380. Give l(x).
4
Let t(p) = 10 - p - 10 + 7*p - 4*p - 5. What is t(-3)?
-11
Let x be 3*(-2 - 21/(-9)). Suppose 0 = a + 3*b - 10, 3*a - 38*b + 35*b = -18. Let p be x + 1 + a + 1 + -3. Let h(v) = 2*v**2. What is h(p)?
8
Suppose -2*g - 10 = -7*g. Suppose -7*s - 10 = -g*s. Let h(t) be the first derivative of t**3 + t**2 + t + 396. What is h(s)?
9
Let k(m) = -m**2 + m - 2. Let s = -113 - -233. Let f = 77 - -39. Suppose -f*x = -s*x. Calculate k(x).
-2
Let s(w) be the first derivative of -w**6/120 + w**5/15 - w**3/6 - 7*w**2/2 + 3*w + 15. Let m(o) be the second derivative of s(o). Calculate m(3).
8
Let o(d) = -9*d - 9. Let q(p) = -13*p - 14. Suppose 25*j + 220 - 45 = 0. Let y(r) = j*o(r) + 5*q(r). Determine y(-5).
3
Let f(c) = -224*c - 660. Let h be f(-3). Let u(g) = 178*g - 89*g + 13*g**2 - g**3 - 9 - 100*g. What is u(h)?
3
Let k(g) = -3*g**2 - 24*g - 19. Let j = 13549 + -13560. What is k(j)?
-118
Let a(f) = f**3 + 67*f + 55*f - 2*f**2 + 63*f - 187*f - 6 + 3. Let s(v) = v**3 - 3*v + 3. Let o be s(2). Let b = 8 - o. What is a(b)?
0
Let q(p) = p**2 + 14*p + 3. Let y be q(-14). Let t(m) = -4*m**y - 3 - m**2 + 7*m**3 - 4*m**3. Give t(0).
-3
Let k = -475 + 483. Suppose -k*t - 38 = -27*t. Let n(g) = g**2 - 2*g. Give n(t).
0
Let t(m) be the second derivative of m**4/12 + 2*m**3/3 + 3*m**2 + 2*m - 483. What is t(-5)?
11
Let z(c) = -c**2 + 6*c - 4. Let u(k) = 2*k + 10. Let j be u(-4). Suppose -4*y - 2*x = 8, -j*y = -0*y + 2*x. Let a(t) = 7*t + 33. Let q be a(y). Give z(q).
1
Let a be (-4)/(7/((-154)/88)). Let w(m) be the third derivative of -m**6/10 + m**5/60 - m**4/24 + m**3/6 - m**2. Give w(a).
-11
Let a(m) = -11*m**2 + 9*m + 9. Let j(s) = -5*s**2 + 4*s + 4. Let f(o) = 6*a(o) - 13*j(o). Let t(d) = -12*d - 7. Let v be t(-5). Let w = 51 - v. Determine f(w).
-6
Let t(x) = 1 + 2 + 6*x - 3 - 3. Let s = -232 + 234. What is t(s)?
9
Let n(f) = 74*f + 594. Let a be n(-8). Suppose -7*h + 1 = y - 5*h, a*y - 4*h = -38. Let d(l) = -16 - 3 - l + 2. Calculate d(y).
-8
Let p(r) = r**2 + 10*r + 27. Suppose -4*o = 3*v + 17, 672*v + 1 = -2*o + 669*v. Give p(o).
11
Let q(u) = u**3 + 3*u**2 - 2*u. Suppose 102 = -141*g + 253*g - 129*g. Determine q(g).
-96
Suppose 0 = 3*u - 5*f + 2*f - 18, 0 = 5*f - 15. Let z(k) = -4850 + 4848 - u*k + k. Calculate z(2).
-18
Let y(f) = f**2 - 12*f + 7. Let c be 1/(11 - 174*7/112). Calculate y(c).
-25
Suppose 21*x - 72 = 13*x. Let g(y) = 6*y + 13*y - x + 8823*y**2 + y**3 - 8811*y**2. Calculate g(-10).
1
Let q be -6 - (-13)/((-26)/(-16)). Suppose -q*m = -5*h + 38 + 3, -h - m = -4. Let s(y) = -y**3 + 8*y**2 - 7*y - 3. Determine s(h).
-3
Let i be -12 - 126/(-6) - 4. Let k(w) = w**2 + 2*w - 34. Determine k(i).
1
Let i(x) = -52*x + 21. Let v(z) = 60*z - 22. Let u(n) = -7*i(n) - 6*v(n). Calculate u(2).
-7
Let x(n) = -35*n + 16 - 88 - 21*n + 63*n - 16. Calculate x(8).
-32
Let m(x) be the third derivative of 0*x**3 + 0*x + 0*x**5 - 9*x**2 + 0 - 7/720*x**6 + 7/12*x**4. Let u(h) be the second derivative of m(h). Determine u(3).
-21
Let g(j) = 174*j**2 + 2436*j + 4. Let v be g(-14). Let n(h) be the second derivative of h - 1/4*h**4 - 1/2*h**3 - 1/2*h**2 + 0 + 1/20*h**5. Determine n(v).
3
Let j(c) = -6*c**3 + 7*c**2 - 4*c - 3. Let d(o) = 8*o**3 - 10*o**2 + 5*o + 3. Let n(k) = 5*d(k) + 6*j(k). What is n(2)?
-1
Suppose 9*g + 5*g = 21*g. Suppose g = 5*s - 23*s - 36. Let f(p) be the first derivative of p**3/3 + 5*p**2/2 + 3*p + 1. Determine f(s).
-3
Suppose 0 = -3*j - 2*j + 10. Suppose 4*x = -j*x + 12. Let y(o) = 8*o**2 + 2 + o**3 + 9 - 7 - 9*o + 0*o**x. What is y(-9)?
4
Let d be (-4)/(-34) - (-1648)/(-136). Let b(m) = -4*m - 59. Let p be b(d). Let h(u) = u**3 + 12*u**2 + 12*u + 10. Give h(p).
-1
Let r be 5 + (0 - -1)*-2. Suppose -1 = 6*v - 7*v + r*d, 0 = 4*v - 4*d + 20. Let z(a) = -3*a - 8. Calculate z(v).
16
Let o(a) = 3*a - 19. Let b(g) = -97*g + 5246. Let f be b(54). What is o(f)?
5
Let z(u) = u**2 + 7*u + 9. Suppose 0 = -3*y, -29*p - 5*y = -24*p + 60. Let r be p/(-10)*140/(-42). Determine z(r).
-3
Suppose -126*j + 75 = -5*f - 124*j, -4*f = -3*j + 67. Let p(m) = -5*m - 49. Determine p(f).
16
Let d(w) = w**2 + 19*w - 337. Let c(r) = -r - 8. Let y(b) = 2*c(b) + d(b). What is y(-29)?
-5
Let y = -293 - -293. Let p be -1 + -2 + 15 - (3 - y). Let h(w) = w**3 - 10*w**2 + 11*w - 3. Give h(p).
15
Let f(b) = -534*b + 29 - 707*b + 1234*b. What is f(6)?
-13
Let f(x) = -x**3 + 5*x**2 + 7*x + 6. Let i(j) = 4*j**3 - j**2 + 2. Let u(b) = b**3 + 2. Let a be u(0). Let t be i(a). Suppose 3*g - 8*g + t = 0. Calculate f(g).
12
Let f(j) = j**3 + 6*j**2. Suppose r - 6*r = -80. Suppose r*l = 5*l. Let q be (1 + -2 - (2 - -2)) + l. What is f(q)?
25
Suppose -5*n + 46 = -99. Suppose 2*z - n = 3*z + 2*l, 2*l = -10. Let h = -14 - z. Let f(i) = -i**3 + 4*i**2 + 7*i - 4. What is f(h)?
6
Suppose 5*g = 4*z - 36, -4*z - g + 4*g = -28. Let n be (z/22 - 145/(-110))*2. Let i(a) = -3*a - n*a**2 - a**3 - 6 - 25 + 28. What is i(-2)?
-1
Let t be ((-28)/(-7))/((-16)/(-28) - 0). Let l(o) be the second derivative of o**4/12 - 3*o**3/2 + 2*o**2 - 32*o - 2. Give l(t).
-10
Suppose -c = 1408 - 1405. Let n(w) = 6*w + 1. What is n(c)?
-17
Let g(m) = m**2 - 161*m + 625. Let f be g(157). Let z(o) = 11*o + 52. Determine z(f).
19
Let i(a) = -3*a**3 + a**2 - 1. Let r be (600/(-140))/((-3)/14). Let l(k) = 6*k - 121. Let x be l(r). What is i(x)?
3
Suppose 3*o + d - 2 - 2 = 0, -4*o + 17 = -d. Suppose 4*u - j + 1 = 3*u, -u - j + o = 0. Let r be 2/(-4)*u*(21 + -11). Let f(c) = c + 1. Give f(r).
-4
Let b(a) = -a**2 - 31*a - 79. Let t be ((-42)/(-24))/((-5)/10)*8. Determine b(t).
5
Suppose -2*j + 20 = 3*q + 17, 5*j = -4*q + 18. Let k(m) = -5*m**2 - 5*m - 7. Determine k(q).
-37
Let o(z) = z. Let w = 3402 + -3398. Suppose 0 = -4*s - 6 + 26. Suppose -w*f + 12 = -f - 3*g, -s = 4*f + 3*g. What is o(f)?
1
Let g(f) = -81 - 3*f - 120 - 80 + 295. What is g(5)?
-1
Let v(o) = -o**2 + 23*o + 54. Let g be v(25). Let n be -4 + -1 + 2 + 12/g. Let u(r) = -r + 22. Give u(n).
22
Let r be -4 + (8 - 8 - (0 - 0)). Let o(s) = 9*s**2 - 18*s**2 + 12*s**3 - 11*s**3 - 5 + 4*s**2 + 7*s**2. Calculate o(r).
-37
Let y = -816 + 1187. Let h = y - 365. Let s(p) = -p**3 + 6*p**2 - p + 4. What is s(h)?
-2
Let u = 7 + -6. Let w(m) = 2794*m - 3 + 1 - 2801*m - 4 + 8. Determine w(u).
-5
Suppose l + 0*l - 13 = 0. Suppose l*f = 15*f - 88. Let w = f - 43. Let b(q) = 12*q**3. Determine b(w).
12
Let l(k) = -5*k + 1. Let z(j) be the second derivative of j**5/20 + j**4/3 + j**3 + 5*j**2 - 8*j + 13. Let v be -2 + -2 + (0 - -1). Let h be z(v). What is l(h)?
-4
Let o = -24 + 27. Suppose -o + 21 = -6*v. Let p(a) = 4*a - 4*a - 2*a. Determine p(v).
6
Let j(g) be the second derivative of g**5/20 - 49*g**4/12 - 17*g**3/2 + 24*g**2 - 1843*g. What is j(50)?
-2
Let s(r) = r**2 + 9*r - 25. Suppose -98*w + 35*w + 252 = 0. Determine s(w).
27
Let d(y) = -20*y**3 + 57*y**2 + 11*y + 21. Let u(x) = -9*x**3 + 27*x**2 + 6*x + 11. Let p(h) = 4*d(h) - 9*u(h). Give p(16).
81
Let f be -8*(0 - 1) + (-10)/2. Let m(h) = -31*h**2 + h - 2*h + 10*h**2 + 1 + 20*h**2. Give m(f).
-11
Suppose 201*m = 241*m - 200. Let a(f) = 4*f - 16. Determine a(m).
4
Let d(w) = -7*w**2 - w - 1. Let u(g) = -47*g**2 + 2*g + 11. Let r(x) = -7*d(x) + u(x). What is r(-4)?
14
Let z(y) be the first derivative of y**4/4 - 5*y**3/3 + 13*y**2/2 + y - 858. What is z(3)?
22
Let n(q) be the first derivative of -q**2/2 - 2*q - 4. Let a(m) = 2*m**3 - 9*m**2 + m + 11. Suppose 100 - 88 = 3*j. Let k be a(j). Give n(k).
-1
Let s(c) = -27*c + 7*c - 1 + c + 7*c + 11*c. Let n = 5 - 6. Let b(i) = -5. Let o(l) = n*s(l) - b(l). Calculate o(-3).
3
Let z(o) = -o**3 + 9*o**2 + 4*o + 52. Suppose 4*i - 41 = -l, 5*i - l + 1022 = 1071. What is z(i)?
-8
Let o(v) = -29*v - 95. Let z(h